ppose n*u = 3*i - 25, 31 = 2*i + i + 4*u. List the prime factors of i.
3
Suppose -l + 2*l - 34 = 2*w, 0 = -l + w + 32. List the prime factors of (1/3)/(2/l).
5
Suppose -5*y = 4*v - 51, -4*y + 3*y - 24 = -3*v. Let t(f) = -f**2 + 11*f - 3. List the prime factors of t(v).
3, 5
Suppose 10 + 2 = 4*m. Suppose m*l - 10 = -g - 2*l, 5*g - 2*l - 131 = 0. What are the prime factors of g?
5
Suppose -7 = -n + 8. Suppose 8*b - 11 = 3*b - a, 3*a = b - n. Suppose b*f = 5*z - 39, 32 = 5*z - 5*f - 3. List the prime factors of z.
3
Let s(n) = -n**3 + 3*n - 3. Let y(d) = 2*d**3 - 6*d + 6. Let j(g) = -5*s(g) - 3*y(g). Let b = 1 + -4. List the prime factors of j(b).
3, 5
Let t be 76/6 - (-2)/(-3). Let p be 0/((-1)/(4/8)). Suppose y = -p*y + t. What are the prime factors of y?
2, 3
Let v = -40 + 76. What are the prime factors of v?
2, 3
Let b = -1 - -3. List the prime factors of (-1 - b)/(-3)*8.
2
Let y = -26 - -62. Suppose 4*r - 44 = -0*r. Suppose 5*t = y - r. What are the prime factors of t?
5
Suppose -2*g + 202 = 4*n, 2*n + 2*g + 6 = 108. List the prime factors of n.
2, 5
Let h be 2/(-2) + 2 + 1. Suppose 2*x = -h*x + 56. List the prime factors of x.
2, 7
Suppose 19 = -2*y + 243. Suppose -4*c + y = 4*t, t = 2 - 4. List the prime factors of c.
2, 3, 5
Let n be 10/5 - (2 - -785). What are the prime factors of 6/8 - n/20?
2, 5
Suppose -11 = -4*l + 9, 3*z + 5*l - 46 = 0. Suppose 4*r + 2*h = 196, -r + 98 = r - 2*h. What are the prime factors of 268/14 - z/r?
19
What are the prime factors of (105/14)/((-9)/(-96))?
2, 5
Suppose 6*k - 60 = 2*k. Suppose -k = 2*n - 7*n. Suppose -6 + 0 = -n*h. What are the prime factors of h?
2
Let u be (28/(-3))/(5/(-15)). Suppose -a + 13 = u. What are the prime factors of -2 + (0 - (a - -2))?
11
Suppose o + n - 2*n - 12 = 0, 0 = -3*o + 2*n + 37. What are the prime factors of o?
13
Suppose 2*r = -b - 3*r + 47, 3*r = 5*b - 95. Suppose 0*p - p + b = 0. List the prime factors of p.
2, 11
Let s = 68 + -40. What are the prime factors of s?
2, 7
Let k = 2 - 0. Suppose 25 = 4*z + 1. Suppose k*c - z = 14. What are the prime factors of c?
2, 5
Suppose -2*x - 98 = 5*f, x = 2*x - 1. Let d = f - -14. What are the prime factors of ((-4)/(-6))/((-2)/d)?
2
Suppose 0*o + 4*o - b - 169 = 0, 3*b = -o + 26. What are the prime factors of o?
41
Let r(l) = l**3 - 7*l**2 + 7*l - 1. Let f be r(6). Let t be (1 + -1)*f/(-10). Suppose t*y - 2*y + 8 = 0. List the prime factors of y.
2
Let f(k) = k**3 - 11*k**2 + 2*k - 16. Let c be f(11). Suppose 0*x = -3*x + c. What are the prime factors of x?
2
Suppose 5*s + 1 = 4*x - 5, s = 2*x. Let y = 28 + x. List the prime factors of y.
3
Let v(z) = -3*z - 1. Let b = 4 + -14. List the prime factors of v(b).
29
Let a = -23 + 40. Let k = a - 9. What are the prime factors of k?
2
Suppose -92 = -2*l + h, -5*l - 5*h + 4 = -226. List the prime factors of l.
2, 23
List the prime factors of (15/(-9) + 1)*-9.
2, 3
Let x(n) = n**3 - 11*n**2 + 3*n - 14. List the prime factors of x(11).
19
Suppose 3*q - 25 - 158 = 0. What are the prime factors of q?
61
Let d = 101 - 16. Suppose -3*l + 2*c + d = 0, 5*l + 4*c - 5*c - 137 = 0. List the prime factors of l.
3
Let r = 1 - -4. Suppose -16 - 14 = -r*j. Suppose -q + j = -0. What are the prime factors of q?
2, 3
Let q(x) = x**3 + 5*x**2 - 8*x - 7. Let t be q(-6). Suppose 28 = 2*h + 2*z + 2, -2*z - 79 = -t*h. What are the prime factors of h?
3, 5
List the prime factors of 980/30 - (-2)/(-3).
2
Let o(a) = a**3 - 7*a**2 - 7*a + 8. List the prime factors of o(8).
2
Suppose -8 = -5*b - 3, 3*y + 4*b - 229 = 0. What are the prime factors of y?
3, 5
Let c be (29/(-4))/(1/(-4)). Let q = -18 + c. Let x(i) = i**3 - 11*i**2 - i + 16. List the prime factors of x(q).
5
Suppose 3*m + 32 = 4*m. Let c = 46 - m. List the prime factors of 136/c - (-4)/14.
2, 5
Let j = 265 + -83. List the prime factors of j.
2, 7, 13
Let m(z) = -z - 10. Let t be m(5). List the prime factors of 47*1 - t/15.
2, 3
Let c be 3/2*(0 - -2). Suppose 0 = -4*t + 3*w + 94, -12 = -t - 2*w - c*w. List the prime factors of (-158)/(-22) + (-4)/t.
7
Let g(q) = -q + 10. Let k be g(7). Suppose -k*m + 25 = 2*m. Suppose m*n = -4*s + 48, n - s - 5 - 1 = 0. List the prime factors of n.
2
List the prime factors of (-1521)/(-7) + 14/(-49).
7, 31
Suppose 0*x = 5*x + 60. List the prime factors of 5/20 + (-81)/x.
7
Let f(q) = q - 1. Let b be f(-4). Let r(a) = -a**2 - 6*a + 6. List the prime factors of r(b).
11
Suppose -5*f + 29 = g, 4*f - 3*g - g - 4 = 0. Suppose -f*m + 2*m = -15. Suppose 3*v + m - 20 = 0. What are the prime factors of v?
5
Let h = -5 + 8. Suppose b + b - 34 = 4*t, h*b - 2*t - 47 = 0. Suppose -i + 3 + b = -3*n, 4*i - 8 = -4*n. What are the prime factors of i?
2, 3
Let b(f) = -f**3 + f**2 + 8. Let y be b(0). Suppose 3*l - y = -l, 2*l + 2 = 3*o. Suppose -o*g - 3*g + 15 = 0. List the prime factors of g.
3
Suppose x - 3*x + 2 = 0. Let s be ((-4)/(-5))/(x/(-30)). Let o = 36 + s. What are the prime factors of o?
2, 3
Let d(j) be the second derivative of j**4/12 - 5*j**3/6 + 3*j**2/2 - 2*j. Let n be d(5). Suppose n*g = 41 - 14. List the prime factors of g.
3
Let h = 8 + -7. Let f = 12 - h. Let a = f - -5. What are the prime factors of a?
2
Let l = 12 - 7. List the prime factors of l.
5
Let w = 180 + -101. Let s = w - 43. List the prime factors of s.
2, 3
Suppose 12 = 2*y - 80. Suppose -y + 198 = -4*f. Let t = f - -55. List the prime factors of t.
17
Suppose 0 = 3*t, -2*q - 10 = -0*q - 2*t. Let c = q + 10. Suppose 56 = c*h - 5*n - 9, -4*n - 8 = 0. What are the prime factors of h?
11
Suppose -4*z + 6 + 3 = d, 0 = 2*z. Suppose 0 = 5*x - 5*k + 6 + d, 0 = -2*k + 10. Suppose 5*m + 4*f - x*f - 70 = 0, -4*m = 5*f - 73. List the prime factors of m.
2, 3
What are the prime factors of 1*76/(-12)*-3?
19
Suppose -4*o + o = -456. Suppose -5*b + 116 = -2*b - 2*y, -4*b = -4*y - o. List the prime factors of b.
2, 5
Let d(k) = k**2 - 7. List the prime factors of d(-5).
2, 3
Let q = 58 + -32. What are the prime factors of q?
2, 13
Suppose -c + 220 = -2*z, -5*z - 709 - 165 = -4*c. List the prime factors of c.
2, 3
Suppose -26 = r - 128. List the prime factors of r.
2, 3, 17
Suppose 5*v = -4*y + 96, 3*v - v = -y + 27. What are the prime factors of y?
19
Suppose 3*g - 2*m + 0*m - 12 = 0, -5*g + m = -13. Suppose 0 = 2*h + g + 12. Let x = h - -10. What are the prime factors of x?
3
Let y be 1/1 + 4/1. Suppose -i - 18 = -y*u - 0*i, i = -u. Suppose -c = u*c - 12. What are the prime factors of c?
3
Suppose -6 = -l - 3. List the prime factors of l.
3
Let a(d) = d**2 + 13*d + 27. Let k be a(-12). Suppose -t + 4*l + k = 0, -1 = -3*t + l + 11. What are the prime factors of t?
3
Suppose -2*b = -3*b. Suppose b = 2*a - 15 - 11. What are the prime factors of a?
13
Let g(t) = 15*t**3 + 5*t**2 - 4*t - 1. List the prime factors of g(2).
131
Suppose 2*c = 3*c - 14. List the prime factors of c.
2, 7
Let b(o) = -o**2 - 8*o + 6. Let c be b(-9). List the prime factors of 2 + c*33/(-9).
13
Suppose -1 = -y + 4, 0 = -2*f - 3*y + 21. Suppose 2*d = 2*h + 6, -f*d = -2*h - 2 - 10. List the prime factors of d.
2, 3
Let a(x) = x**3 + 11*x**2 + 10. Let h be a(-11). Let v be (h/(-10))/(1 + 0). List the prime factors of (4 + v - 1)*4.
2
Let u(f) = -f**3 - 10*f**2 - 5*f - 30. List the prime factors of u(-10).
2, 5
Let x(y) = -y**2 - 3*y. Suppose 6*k = 3*k - 9. Let b be x(k). What are the prime factors of 1/((-2)/(-30) + b)?
3, 5
Let n be (-660)/(-18) - (-2)/(-3). Suppose -3*v + n = -114. Let h = v - 34. What are the prime factors of h?
2
Suppose 5*z = 265 + 470. List the prime factors of z.
3, 7
Let a = 8 + -4. Let u = 22 + -12. Suppose -3*s = 4*m - 3, 5*m - a*s = -u + 37. List the prime factors of m.
3
Let o(y) = -y**3 - 4*y**2 - 3*y + 3. Let q be o(-3). Let f = 13 - q. Suppose -58 + f = -3*i. What are the prime factors of i?
2
Let v(i) = i**3 + 10*i**2 + 9*i + 13. What are the prime factors of v(-9)?
13
Suppose 4*v - 3*z - 5 = 2*z, -4*v + 2*z + 14 = 0. What are the prime factors of v?
5
Suppose -3*p = 25 - 100. List the prime factors of p.
5
Suppose 0 = -4*u + 4*p + 8, 0 = 3*p + 2*p + 5. Let q = 18 + u. List the prime factors of q.
19
Let c = 10 - 6. Suppose c*i - 19 = -103. Let y = 29 + i. List the prime factors of y.
2
Let r(v) = -3*v**3 - 3*v**2 - 2*v + 2. List the prime factors of r(-3).
2, 31
Let 